 List the prime factors of b.
2, 7, 1973
Let v = -7132 + 11817. Suppose 3*p - 4*p = -2*g - 1178, -g = 4*p - v. What are the prime factors of p?
2, 293
Suppose 2*s - 3*b - 130 = 0, 5*s + 4*b - 6*b = 303. Let v = 1420 - 111. Suppose v = 10*f + s. What are the prime factors of f?
5
Let u(p) = 6*p**2 - 11*p - 231. List the prime factors of u(40).
8929
List the prime factors of -5 + (1233582/(-6))/(-7).
2, 14683
Let a(c) = -c**3 - 18*c**2 + 36*c. Let g be a(-20). Suppose 6*i - 1526 = -g. What are the prime factors of i?
241
Let o(t) be the third derivative of 0*t - 5/6*t**3 + 0 - 5/24*t**4 - 17*t**2 + 11/20*t**5. List the prime factors of o(-1).
3, 11
Let y = 45 - 44. Let q be (3 + 10/5)/y. Suppose -4*h + 25 = 2*v - 29, -5*v - q*h = -150. List the prime factors of v.
3, 11
Let p = -9328 + 13405. What are the prime factors of p?
3, 151
Suppose 202077 = -23*s + 32*s. List the prime factors of s.
22453
Let i(p) = 38*p - 311. What are the prime factors of i(19)?
3, 137
Suppose 0 = -2*g - 2*i - 34, -i + 0*i = -1. Let f = g + 20. Suppose -f*p = -58 - 24. List the prime factors of p.
41
Let y = -24 + 27. Let a be 32*y*(-42)/28. Let c = 253 + a. What are the prime factors of c?
109
Let a = -19055 - -39651. What are the prime factors of a?
2, 19, 271
Suppose 0 = 9*g + 115 - 79. What are the prime factors of (3 - 692/(-4)) + g?
2, 43
Let y(o) = -226*o + 9173. What are the prime factors of y(-34)?
3, 1873
Let c(r) = -2*r - 38. Let k be c(-19). Let m be 12/(2/(-1 + -1) - k). List the prime factors of (-42)/4*112/m.
2, 7
Suppose -6 - 181 = 3*o + 2*s, 5*o - 2*s + 301 = 0. Let r(q) = q**2 + 5*q - 2. Let k be r(-7). Let l = k - o. What are the prime factors of l?
73
Suppose -10*j - j - 3*j = 0. Suppose -2*c - 36 = -2*f, -5*f - 2*c + j*c = -69. Suppose -13*a = -f*a + 208. List the prime factors of a.
2, 13
Let q = -16 + 100. Suppose 2*u = -2*w + 160, w - q = 4*u - 4. Suppose -5*z - 4*o + 599 = 0, -z + 5*o + 63 = -w. List the prime factors of z.
3, 41
Suppose 3*h = -154*s + 157*s + 158847, 5*h - 264775 = -s. What are the prime factors of h?
2, 11, 29, 83
Suppose -4*q + 731 + 326 = -5*i, q + 5*i = 283. Let n = 2910 + -3074. Let y = q + n. What are the prime factors of y?
2, 13
Suppose 60*c = 56*c + 84. Suppose 2*x + c = -11. Let d = 17 - x. What are the prime factors of d?
3, 11
Suppose 22*l + 2*g - 20221 = 19*l, -4*l + 26973 = 5*g. What are the prime factors of l?
6737
Suppose -27*s - 225 = -30*s. Suppose -575 - s = -i. List the prime factors of i.
2, 5, 13
Let c(p) = 1208*p**2 + 519*p + 9. What are the prime factors of c(-3)?
2, 3, 7, 37
Suppose -2*o - 3*h = -78, -o + 0*h - 4*h + 49 = 0. Suppose o*s - 32*s = 108. List the prime factors of s.
2, 3
Let b(x) be the second derivative of -1/20*x**5 - 25/12*x**4 - 13*x - 1/6*x**3 + 0 - x**2. What are the prime factors of b(-25)?
23
Let m(p) = p**3 - 10*p**2 - 7*p + 18. Let l be m(9). Let n = -146 - l. List the prime factors of (3 - 18)*48/n*3.
2, 3
Let p = -883 - 146. Let c = 1817 + p. List the prime factors of c.
2, 197
Let x = -10 + 22. Let s be ((-102)/(-9))/(x/162). Suppose 2*m - 5*g = 288, -5*g + s = 2*m - 115. What are the prime factors of m?
139
Suppose -4*x = 4*q - 196, -3*x + q + 193 = 58. Suppose x*s - 36306 = 3714. List the prime factors of s.
2, 3, 5, 29
Let q(l) = 3118*l - 546. What are the prime factors of q(2)?
2, 5, 569
Suppose -1009 = 6*p - 4825. Suppose -20*y = -4704 - p. What are the prime factors of y?
3, 89
Let b = 1524 - 474. Suppose -111*z + b = -96*z. What are the prime factors of z?
2, 5, 7
Let u be 3/6*(1 - 2 - 1). List the prime factors of (88/(-8) - -832) + (-4 - u).
2, 409
Suppose 230*w = 231*w - 975. Let k = w - 73. List the prime factors of k.
2, 11, 41
Let p = 123 + -49. Suppose 0 = -p*j + 70*j + 1500. List the prime factors of j.
3, 5
Suppose -716*n - 5*j + 32136 = -712*n, -3*j = 12. What are the prime factors of n?
8039
Let s = -39 - -38. Let g be (s + 4/6)/((-6)/(-558)). Let x = 73 - g. List the prime factors of x.
2, 13
What are the prime factors of (-2 - 22 - -4) + 83806?
2, 41893
Let z = 15785 + -15792. Let l be -49 + (-2)/1 - -2. List the prime factors of (-2)/z + (-6944)/l + 3.
5, 29
Suppose 0 = 247*t + 166*t + 66493. Let n(w) = -w + 11. Let o be n(5). List the prime factors of 1/(((-6)/t)/o).
7, 23
What are the prime factors of (14788664/60)/11 - 29/435?
3, 7, 11, 97
Let d = -4228 + 7430. List the prime factors of d.
2, 1601
Let c(n) = 55*n - 2*n - 29*n - 37. What are the prime factors of c(11)?
227
List the prime factors of -13*((-3 - -9) + -682).
2, 13
Suppose -45*p = -46*p + 1. Suppose 243 = -0*h - 3*h. Let g = p - h. What are the prime factors of g?
2, 41
Suppose -98*n + 20*n = -152490. List the prime factors of n.
5, 17, 23
Suppose 9 = -4*m + 1, -w - 3 = -5*m. Let a(k) be the third derivative of k**5/60 + 3*k**4/8 + 29*k**3/6 - 3*k**2. List the prime factors of a(w).
3
Let l(b) = -4*b - 6. Let a be l(-4). Let f(r) be the first derivative of r**4/4 - 3*r**3 + 2*r**2 + 13*r - 9912. What are the prime factors of f(a)?
3, 17
Suppose 3*m + 9*a = 8*a + 6145, -3*m = 2*a - 6143. Suppose m = 3*i - 3*y, 3*y + 1394 = 2*i + 8*y. List the prime factors of i.
3, 229
Suppose -27*d - 10*d + 3108 = 0. Suppose -57*t = -60*t + d. What are the prime factors of t?
2, 7
Let l(u) be the third derivative of 7*u**5 + u**4/6 - u**3/3 - 5*u**2 + 14. List the prime factors of l(1).
2, 211
Let a(z) = -10*z**3 + 5*z**3 - 9 + 1 - 6*z - 6*z**2. Let f(n) = 6*n**3 + 5*n**2 + 7*n + 7. Let i(t) = -5*a(t) - 4*f(t). What are the prime factors of i(-9)?
3, 5
Let a = 244 - 421. Let l = 121 + a. List the prime factors of 62/(16/l*7/(-4)).
2, 31
Suppose 0 = 2*c - 292 - 284. What are the prime factors of 64/c - (4024/(-18))/2?
2, 7
Let c(h) = h**2 + 2*h - 3. Let f be c(1). Suppose -6 = -3*q, j + q - 278 + 17 = f. List the prime factors of j.
7, 37
Let d = -464 - -775. Let q = 215 + d. List the prime factors of q.
2, 263
Let t(y) = 37*y**3 + 38*y**2 - 22*y - 27. What are the prime factors of t(11)?
2, 37, 181
Let j = -320 - -296. What are the prime factors of ((-51)/3)/(26/j + 1)?
2, 3, 17
Let r(u) = u**3 + 13*u**2 - 8*u + 30. Let x be r(-14). Let f = 135 + x. List the prime factors of f.
3
Suppose 133 = 4*k - 3*v, -4*v = -4*k + 175 - 43. Let i = 24 - k. What are the prime factors of 16812/60 + (-1 - 18/i)?
281
Suppose -27*k + 12727 - 34921 = 0. Let v = -409 - k. What are the prime factors of v?
7, 59
Let f(q) = -14*q - 129. Let r(y) = -5*y - 1. Let k(p) = -f(p) + 2*r(p). What are the prime factors of k(-18)?
5, 11
Let j(w) = -17*w**3 - 4*w**2 + 63*w + 276. What are the prime factors of j(-8)?
2, 3, 5, 137
Let i be (11/4)/(-10 + (-9009)/(-900)). Suppose 2*l - i - 535 = 0. List the prime factors of l.
3, 5
Let f(c) = -12*c + 9. Suppose -9 + 11 = k. Let b be f(k). Let l = 197 - b. What are the prime factors of l?
2, 53
Let x = -16816 + 47885. List the prime factors of x.
31069
Let m be (3/(-2))/(16/(-32)). Let b(q) = m + 105*q**2 + 5 - q - 2*q - 10. List the prime factors of b(-1).
2, 53
Suppose 103*s - 2143 = 102*s. Suppose -14085 + s = -14*z. What are the prime factors of z?
853
Let y = 1907 + -1102. Suppose -3*j + y = 2*j. List the prime factors of j.
7, 23
Suppose 49489 + 55898 = 51*k - 64698. What are the prime factors of k?
5, 23, 29
Let g(b) = -4121*b - 4342. List the prime factors of g(-8).
2, 3, 13, 367
Let p(w) = -19555*w + 462. List the prime factors of p(-1).
37, 541
Let f = 3 + -3. Let x be (-4 - f - -4)*-1. Suppose 3*l + l - 160 = x. What are the prime factors of l?
2, 5
Let n = 26 - 8. Suppose -5*g = g + n. List the prime factors of 280/7*g/(-4).
2, 3, 5
Suppose 9*k = 5*w + 7*k - 36323, 4*k = 24. What are the prime factors of w?
13, 43
Suppose -2482 = 5*f - k, 3*k = -3*f - 1372 - 110. Let q = 203 - f. What are the prime factors of q?
3, 233
Let o be ((-10)/(-6))/(65/234). Let m(s) = 6*s**2 + 4*s - 8. List the prime factors of m(o).
2, 29
Let g(q) = -3*q**2 + 2*q - 9. Let p be g(-5). Let h = -150 - p. Let l = 24 - h. What are the prime factors of l?
2, 5
Let x = 129 - -3441. Suppose 3*j - 18*j = -x. List the prime factors of j.
2, 7, 17
Let p(u) = -10*u**3 - 21*u**2 - 27*u + 59. What are the prime factors of p(-8)?
4051
Suppose -3*a = -3*t + 23994, -2*t + 9475 = 2*a - 6517. What are the prime factors o